e factors of 2492.
2, 7, 89
What are the prime factors of 87973?
87973
What are the prime factors of 148?
2, 37
List the prime factors of 136182.
2, 3, 22697
What are the prime factors of 142?
2, 71
What are the prime factors of 6663?
3, 2221
List the prime factors of 84.
2, 3, 7
What are the prime factors of 72593?
229, 317
What are the prime factors of 81?
3
What are the prime factors of 9240?
2, 3, 5, 7, 11
List the prime factors of 23560.
2, 5, 19, 31
List the prime factors of 2626.
2, 13, 101
List the prime factors of 33140.
2, 5, 1657
What are the prime factors of 7862?
2, 3931
What are the prime factors of 29707?
61, 487
What are the prime factors of 14430?
2, 3, 5, 13, 37
What are the prime factors of 11337?
3, 3779
What are the prime factors of 3545?
5, 709
What are the prime factors of 12434?
2, 6217
What are the prime factors of 910?
2, 5, 7, 13
List the prime factors of 25215.
3, 5, 41
List the prime factors of 139734.
2, 3, 7, 1109
List the prime factors of 17303.
11, 13
What are the prime factors of 1669?
1669
What are the prime factors of 16223?
16223
What are the prime factors of 27113?
19, 1427
What are the prime factors of 8537?
8537
What are the prime factors of 17477?
17477
List the prime factors of 3378.
2, 3, 563
What are the prime factors of 4613?
7, 659
What are the prime factors of 139607?
13, 10739
What are the prime factors of 407?
11, 37
What are the prime factors of 78?
2, 3, 13
What are the prime factors of 34322?
2, 131
List the prime factors of 117455.
5, 13, 139
What are the prime factors of 69646?
2, 97, 359
List the prime factors of 58358.
2, 29179
List the prime factors of 45784.
2, 59, 97
List the prime factors of 4416.
2, 3, 23
What are the prime factors of 14778?
2, 3, 821
List the prime factors of 2690.
2, 5, 269
List the prime factors of 7602.
2, 3, 7, 181
List the prime factors of 37779.
3, 7, 257
List the prime factors of 348.
2, 3, 29
List the prime factors of 5510.
2, 5, 19, 29
List the prime factors of 5161.
13, 397
List the prime factors of 172.
2, 43
List the prime factors of 21752.
2, 2719
What are the prime factors of 1108?
2, 277
What are the prime factors of 820?
2, 5, 41
What are the prime factors of 747?
3, 83
List the prime factors of 2124.
2, 3, 59
What are the prime factors of 866?
2, 433
What are the prime factors of 1084?
2, 271
What are the prime factors of 29916?
2, 3, 277
What are the prime factors of 2325?
3, 5, 31
List the prime factors of 104459.
104459
List the prime factors of 4884.
2, 3, 11, 37
List the prime factors of 37661.
13, 2897
List the prime factors of 26091.
3, 13, 223
List the prime factors of 75.
3, 5
What are the prime factors of 2434?
2, 1217
What are the prime factors of 10885?
5, 7, 311
List the prime factors of 16956.
2, 3, 157
What are the prime factors of 21122?
2, 59, 179
What are the prime factors of 42478?
2, 67, 317
List the prime factors of 1666.
2, 7, 17
What are the prime factors of 90484?
2, 22621
What are the prime factors of 31298?
2, 15649
What are the prime factors of 1762?
2, 881
What are the prime factors of 46618?
2, 11, 13, 163
What are the prime factors of 20732?
2, 71, 73
List the prime factors of 55090.
2, 5, 7, 787
List the prime factors of 1905.
3, 5, 127
What are the prime factors of 3991?
13, 307
List the prime factors of 6879.
3, 2293
List the prime factors of 16829.
16829
List the prime factors of 828.
2, 3, 23
What are the prime factors of 2618?
2, 7, 11, 17
What are the prime factors of 292?
2, 73
List the prime factors of 16189.
16189
What are the prime factors of 797?
797
What are the prime factors of 18190?
2, 5, 17, 107
What are the prime factors of 4909?
4909
List the prime factors of 1222.
2, 13, 47
What are the prime factors of 1232?
2, 7, 11
List the prime factors of 22034.
2, 23, 479
List the prime factors of 131944.
2, 16493
What are the prime factors of 774?
2, 3, 43
What are the prime factors of 161811?
3, 13, 461
List the prime factors of 13329.
3, 1481
List the prime factors of 2786.
2, 7, 199
What are the prime factors of 2384?
2, 149
What are the prime factors of 178950?
2, 3, 5, 1193
List the prime factors of 69044.
2, 41, 421
List the prime factors of 3439.
19, 181
List the prime factors of 2574.
2, 3, 11, 13
List the prime factors of 90680.
2, 5, 2267
What are the prime factors of 2242?
2, 19, 59
What are the prime factors of 48634?
2, 24317
What are the prime factors of 1892?
2, 11, 43
List the prime factors of 104937.
3, 7, 19, 263
What are the prime factors of 4944?
2, 3, 103
What are the prime factors of 7791?
3, 7, 53
List the prime factors of 455.
5, 7, 13
List the prime factors of 45991.
11, 37, 113
List the prime factors of 225.
3, 5
What are the prime factors of 127056?
2, 3, 2647
List the prime factors of 726.
2, 3, 11
List the prime factors of 2388.
2, 3, 199
What are the prime factors of 52309?
17, 181
What are the prime factors of 2330?
2, 5, 233
What are the prime factors of 4672?
2, 73
List the prime factors of 23730.
2, 3, 5, 7, 113
List the prime factors of 70680.
2, 3, 5, 19, 31
What are the prime factors of 921?
3, 307
List the prime factors of 11660.
2, 5, 11, 53
What are the prime factors of 2265?
3, 5, 151
What are the prime factors of 50573?
103, 491
What are the prime factors of 59804?
2, 14951
What are the prime factors of 5747?
7, 821
What are the prime factors of 107997?
3, 35999
What are the prime factors of 2451?
3, 19, 43
What are the prime factors of 552?
2, 3, 23
What are the prime factors of 4805?
5, 31
List the prime factors of 12487.
12487
List the prime factors of 2644.
2, 661
List the prime factors of 1497.
3, 499
What are the prime factors of 6451?
6451
What are the prime factors of 1217?
1217
List the prime factors of 105.
3, 5, 7
List the prime factors of 1632.
2, 3, 17
List the prime factors of 5223.
3, 1741
What are the prime factors of 640?
2, 5
What are the prime factors of 21905?
5, 13, 337
What are the prime factors of 44651?
44651
List the prime factors of 10879.
11, 23, 43
What are the prime factors of 37152?
2, 3, 43
What are the prime factors of 34089?
3, 11, 1033
What are the prime factors of 1972?
2, 17, 29
What are the prime factors of 1295?
5, 7, 37
List the prime factors of 4263.
3, 7, 29
What are the prime factors of 4377?
3, 1459
List the prime factors of 16427.
16427
What are the prime factors of 4096?
2
List the prime factors of 2821.
7, 13, 31
What are the prime factors of 875?
5, 7
What are the prime factors of 1435?
5, 7, 41
List the prime factors of 6793.
6793
What are the prime factors of 99899?
283, 353
List the prime factors of 26188.
2, 6547
What are the prime factors of 928?
2, 29
What are the prime factors of 125926?
2, 79, 797
What are the prime factors of 101667?
3, 33889
List the prime factors of 49215.
3, 5, 17, 193
List the prime factors of 133.
7, 19
List the prime factors of 44989.
7, 6427
List the prime factors of 5515.
5, 1103
What are the prime factors of 5673?
3, 31, 61
List the prime factors of 1192.
2, 149
What are the prime factors of 75316?
2, 19, 991
What are the prime factors of 2066?
2, 1033
What are the prime factors of 100701?
3, 67, 167
What are the prime factors of 1092?
2, 3, 7, 13
List the prime factors of 4659.
3, 1553
What are the prime factors of 6888?
2, 3, 7, 41
What are the prime factors of 42395?
5, 61, 139
List the prime factors of 664.
2, 83
List the prime factors of 67429.
67429
List the prime factors of 1250.
2, 5
What are the prime factors of 538?
2, 269
List the prime factors of 20170.
2, 5, 2017
What are the prime factors of 8357?
61, 137
What are the prime factors of 14554?
2, 19, 383
List the prime factors of 135660.
2, 3, 5, 7, 17, 19
What are the prime factors of 2704?
2, 13
What are the prime factors of 62069?
7, 8867
List the prime factors of 1950.
2, 3, 5, 13
List the prime factors of 1453.
1453
What are the prime factors of 20942?
2, 37, 283
What are the prime factors of 146?
2, 73
List the prime factors of 19479.
3, 43, 151
What are the prime factors of 6912?
2, 3
List the prime factors of 7080.
2, 3, 5, 59
List the prime factors of 1664.
2, 13
List the prime factors of 1911.
3, 7, 13
What are the prime factors of 118749?
3, 23, 1721
What are the prime factors of 5529?
3, 19, 97
What are the pr